 185 - 76. What are the prime factors of k?
109
Let d = 0 + 0. Suppose -2*v = -y - 70, d*v - 78 = -2*v + 3*y. What are the prime factors of v?
3, 11
Let l(x) = 3*x - 10. Let c(d) = -d**3 + 7*d**2 - 4*d - 5. Let w be -6*(1 - -2)/(-3). Let v be c(w). List the prime factors of l(v).
11
Suppose 4*h - 752 = -72. Suppose -416 + 86 = -4*s - 2*b, 0 = -2*s - 2*b + h. Suppose 5*q = -5*l + s, -2*l + 25 = q - 7. List the prime factors of l.
2
Let q(j) = 8*j + 6. Let f(w) = -3*w - 2. Let y(m) = 11*f(m) + 4*q(m). List the prime factors of y(-6).
2
List the prime factors of 6/9 - 272/(-6).
2, 23
Let q = -55 + -37. What are the prime factors of q/(-12) + 4/(-6)?
7
Suppose 4*j + 0 - 16 = 0. Let h be (-84)/(-15) + (-6)/10. Suppose -7 = -h*y + j*y. What are the prime factors of y?
7
Let m(y) = 0*y + 0*y + 2*y - 5. List the prime factors of m(8).
11
Suppose 4*b + 0*b = 12. Suppose -p = -4*h + 37, -40 - 9 = -4*h - b*p. List the prime factors of (-38)/(-4) - (-5)/h.
2, 5
Let i be (-12 - -14) + (2 - 0). Let j = i + 0. What are the prime factors of j?
2
Suppose -4*v + v = 0. Suppose -3*h - 4*a + 12 + v = 0, -3*h + 2*a + 30 = 0. What are the prime factors of h?
2
Let j be ((-3)/3*-6)/2. Suppose -j*a - 5*p + 0 + 21 = 0, 14 = 4*a + 2*p. Suppose -a*s = 3*s - g - 86, -4*s + 2*g = -64. List the prime factors of s.
2, 3
Let w = 6 + -4. Let j(l) = -3*l + l**3 + 8*l + 9 + w*l + 4*l**2 + 4*l**2. List the prime factors of j(-7).
3
Suppose i - 4 + 8 = 0. List the prime factors of i*(-6 + -3 + 2).
2, 7
Let n = 20 - -150. List the prime factors of n.
2, 5, 17
Let t(y) = -10*y + 31. List the prime factors of t(-5).
3
Suppose -4*b + 36 = 4*v, -2*v + v - 2*b + 11 = 0. Suppose -30 = -v*x + 2*x. What are the prime factors of x?
2, 3
Let c(x) = -x**3 + 14*x**2 + 35*x + 14. What are the prime factors of c(16)?
2, 31
Let b(f) = -f + 9. Let k be b(5). Suppose 1 + 11 = k*l. List the prime factors of l.
3
Let l = -6 + 2. Let c = l - -6. List the prime factors of c.
2
Let s be 1 - (1 + -1 + 1). What are the prime factors of (3 - -26) + 2 - s?
31
Let t = 2 - -8. Let v = t - 3. List the prime factors of v.
7
Let g = 4 + -6. Let f(u) be the third derivative of -u**6/60 + u**5/20 + u**4/8 + u**3/6 - 2*u**2. List the prime factors of f(g).
23
Suppose 2*d + 5 = t, -4*d - 5*t + 20 = -t. Suppose d = -4*w + 2*m + 92, -2*w + 4*m - 2*m = -50. Let q = -12 + w. What are the prime factors of q?
3
Let d(u) = -u**3 - u**2 - u - 8. Let t(q) = -2 + 0 + 1 - q - q**2. Let x(j) = -d(j) + t(j). List the prime factors of x(0).
7
Let r(d) = 2*d**2 + d - 1. Let o be r(1). Suppose -4*u + 8*u = -o*p + 20, -2*p + 2*u + 26 = 0. What are the prime factors of p?
2, 3
Let h = -3 - -13. List the prime factors of h.
2, 5
Let g = -2 - -43. List the prime factors of g.
41
Suppose -2*q = -5*q. Suppose q = 3*o - 10 - 29. List the prime factors of o.
13
Suppose -5*s = -15 - 5. Suppose 3*n - 43 = -4*y, -48 = -0*y - s*y - 4*n. List the prime factors of 0/((-4)/2) + y.
7
Suppose 3*v + 1 = -u + 6, 4*v = -5*u + 25. What are the prime factors of u?
5
What are the prime factors of 213 + (-4 - 6/(-3)) + -4?
3, 23
Let q(c) = -c**2 - 5*c + 5. Let z be q(-5). Suppose o - 42 = -8. Suppose 16 = z*t - o. List the prime factors of t.
2, 5
Let r be 5/3 - 1/(-3). Suppose -4*o + 43 = z + r*z, -3*z = -4*o + 61. What are the prime factors of o?
13
Suppose -3*q - 7 - 23 = 0. List the prime factors of (-6)/(2*3/q).
2, 5
Let s(o) = o**2 + 11. What are the prime factors of s(0)?
11
List the prime factors of (76/8)/(2/12).
3, 19
Let q(x) be the first derivative of -4*x - 5/2*x**2 + 2. What are the prime factors of q(-3)?
11
List the prime factors of 3*(-28)/18*-15.
2, 5, 7
Let x = -27 - -43. What are the prime factors of x?
2
Let l(f) = f**2 + 5*f. Let y = -2 - 4. Let o be l(y). Suppose t - o = 8. List the prime factors of t.
2, 7
Let b = 26 + -16. What are the prime factors of ((-36)/(-30))/(3/b)?
2
Suppose 2*d = 2 + 2. What are the prime factors of d?
2
Let s(m) = m**3 + 6*m**2. Let n be s(-6). Suppose n*w + w - 5 = 0. Suppose -w*u + 2 = 5*k - 28, 12 = 2*u - k. List the prime factors of u.
2, 3
Let n(t) = -t**3 + 8*t**2 - t + 2. Let j be n(7). Suppose -m = -5*v + j, 0*v + v - 5 = 4*m. List the prime factors of v.
3
Let c = 32 + -16. Let d = c + -8. List the prime factors of d.
2
Let s(c) be the third derivative of 0*c + 0 - 1/2*c**3 + 1/12*c**4 + 1/60*c**5 + c**2. What are the prime factors of s(-4)?
5
What are the prime factors of (-117)/52*80/(-6)?
2, 3, 5
Let d be (-2 - 2) + 2 + -1. Let f = d + 7. List the prime factors of f.
2
Let h = 115 - 67. List the prime factors of h.
2, 3
Let g = 5 - 3. Let s be 15/6 + g/4. Suppose 2*y + 8 = -2*z - s*z, 0 = -2*y + 3*z + 24. What are the prime factors of y?
2, 3
Let u(a) = a**3 - 6*a**2 + 7*a + 2. Let v be 7/(((-2)/(-6))/1). Suppose 0 = -r + 5, -r + v = 4*o - 4. What are the prime factors of u(o)?
2, 3
Suppose -17*v + 518 = -876. What are the prime factors of v?
2, 41
Let l(i) = 4*i**3 - 4*i**2 + 2*i. Let p be l(2). Let y = -3 + p. List the prime factors of y.
17
Let z = -7 - -10. Let q(b) = b**3 - 7*b**2 + 3*b + 3. Let j be q(z). What are the prime factors of ((-6)/(-4))/(j/(-32))?
2
Let o = -10 + 14. Let f(q) = -q**3 + 5*q**2 - 1. What are the prime factors of f(o)?
3, 5
Suppose 0 = -14*s + 17*s - 27. What are the prime factors of s?
3
Suppose 5*z = -0*z + 15, 160 = 5*y - 5*z. List the prime factors of y.
5, 7
Suppose -4*z = -3*d - 967, 5*d + 128 = z - 135. What are the prime factors of z?
2, 7, 17
Let t = 39 - -82. List the prime factors of t.
11
Let i(r) = -r**2 + 25*r + 43. What are the prime factors of i(13)?
199
Suppose -18 + 2 = -n. What are the prime factors of (-1 - (1 - 3)) + n?
17
Let j(d) = -14*d - 17. List the prime factors of j(-6).
67
Let m(o) = 3*o - 12. List the prime factors of m(6).
2, 3
Let s = -3 - -1. Let b = s + 7. Suppose -8 = -2*p - 3*j + 19, 40 = b*p + 2*j. What are the prime factors of p?
2, 3
Let j(c) = c**3 - 3*c**2 - 6*c + 5. Let d be j(4). Let l = 43 - 31. Let t = d + l. What are the prime factors of t?
3
Let m(z) = z**3 - 5*z**2 - 2*z + 5. Let c be m(6). Suppose t - c = 1. List the prime factors of t.
2, 3, 5
Suppose 3*z = -1 - 5, -210 = -3*a - 3*z. What are the prime factors of a?
2, 3
Let q = -38 + 24. List the prime factors of 468/21 - (-4)/q.
2, 11
Let q = -1 - -13. Suppose 2*r + 13 = 3*z + 7*r, 0 = 3*r + q. What are the prime factors of z?
11
Let g(p) = p**3 + 9*p**2 + 3*p + 1. List the prime factors of g(-6).
7, 13
Suppose -3*t = -4*t - 4. List the prime factors of (t + 0)/(-4)*10.
2, 5
Suppose 0*w - 3*w = 15. Let b = 50 - 32. Let m = w + b. List the prime factors of m.
13
Let z = -8 - -5. Let v = z + 7. List the prime factors of v.
2
Suppose -5*p = 3*x - 100, -5*p + 3*x = 2*x - 80. Suppose 0 = s + p - 39. What are the prime factors of s?
2, 11
Suppose -v - 16 = -3*v. Suppose n - 2*n = -v. What are the prime factors of n?
2
Suppose n + 3*n = -2*g - 6, -2*n = 3*g - 11. List the prime factors of g.
7
Let k(s) = s + 2. Let v be k(0). Suppose 3*g - 3*b - 18 = 0, 6 = 2*b - 5*b. Suppose -p + 2*m - m = -15, v*m = g*p - 54. What are the prime factors of p?
2, 3
Let n be (-57)/((42/4)/(-7)). Suppose b - s = n, -5*s + 25 = 4*b - 100. List the prime factors of b.
5, 7
Suppose -103 - 85 = -4*l. List the prime factors of l.
47
Let c = -4 - -4. Suppose -2*x + 4 = c, -3*x + 6*x = 2*s. Suppose 5*r - 64 = -4*j - 13, -s*r - j = -25. List the prime factors of r.
7
Let l = -195 + 417. List the prime factors of l.
2, 3, 37
Let n(o) = o**3 - 9*o**2 + 8*o + 8. Let g be n(8). Let h = -6 + g. What are the prime factors of 0 - h - (-16)/2?
2, 3
Let a be (-2 + 36/15)*5. What are the prime factors of (-1 - -1 - -1)*a?
2
Let h(j) = j + 0*j - 4*j + 7. Let f be h(5). Let v(q) = -q**3 - 9*q**2 - 9*q - 6. List the prime factors of v(f).
2
What are the prime factors of ((-1)/2)/(3/(-414))?
3, 23
Suppose 5*n + 2 = 5*m + 17, -n + 3*m = -3. Suppose n*a = 4*o - 121, -3*a - 37 = -2*o + o. List the prime factors of o.
2, 7
Let t(p) = 7*p - 1. Let a be t(5). Let v = -26 + a. What are the prime factors of v?
2
Suppose -3*j = -3*h + 81, 3*h + 7*j - 65 = 2*j. Suppose m + h = 6*m. Suppose q + 4*o = -5, -m*o - 12 = 3. List the prime factors of q.
7
Suppose -3*h + 0*h - 15 = 0. Let m(r) = r**2 + 3*r + 3. What are 